digit of 13509490?
3
What is the units digit of 5907954?
4
What is the thousands digit of 4287340?
7
What is the tens digit of 8817141?
4
What is the ten thousands digit of 236401?
3
What is the ten thousands digit of 621606?
2
What is the millions digit of 19748620?
9
What is the ten thousands digit of 10399766?
9
What is the tens digit of 73640?
4
What is the tens digit of 3265051?
5
What is the hundreds digit of 14960723?
7
What is the thousands digit of 683454?
3
What is the tens digit of 13513747?
4
What is the thousands digit of 508299?
8
What is the tens digit of 65493?
9
What is the hundred thousands digit of 156551?
1
What is the ten millions digit of 11844286?
1
What is the thousands digit of 591708?
1
What is the units digit of 82776?
6
What is the hundreds digit of 68065?
0
What is the ten thousands digit of 2051397?
5
What is the tens digit of 24937?
3
What is the tens digit of 4174167?
6
What is the hundreds digit of 518079?
0
What is the tens digit of 3698897?
9
What is the thousands digit of 208386?
8
What is the tens digit of 879510?
1
What is the hundreds digit of 5878363?
3
What is the thousands digit of 82847?
2
What is the units digit of 787414?
4
What is the thousands digit of 5619137?
9
What is the units digit of 65231?
1
What is the hundreds digit of 5210298?
2
What is the thousands digit of 6913539?
3
What is the hundred thousands digit of 1138925?
1
What is the hundreds digit of 7768566?
5
What is the thousands digit of 1381012?
1
What is the thousands digit of 589599?
9
What is the tens digit of 11591611?
1
What is the ten thousands digit of 31212?
3
What is the tens digit of 28107309?
0
What is the millions digit of 1005793?
1
What is the hundreds digit of 706890?
8
What is the units digit of 536114?
4
What is the hundred thousands digit of 2459083?
4
What is the units digit of 196185?
5
What is the thousands digit of 2945658?
5
What is the tens digit of 292188?
8
What is the thousands digit of 127676?
7
What is the hundreds digit of 6293197?
1
What is the millions digit of 1039271?
1
What is the ten thousands digit of 548694?
4
What is the thousands digit of 982237?
2
What is the hundreds digit of 1551487?
4
What is the tens digit of 722266?
6
What is the hundreds digit of 22342867?
8
What is the thousands digit of 439858?
9
What is the tens digit of 898830?
3
What is the ten thousands digit of 10059634?
5
What is the thousands digit of 5624088?
4
What is the ten thousands digit of 257814?
5
What is the tens digit of 633477?
7
What is the thousands digit of 145711?
5
What is the units digit of 278059?
9
What is the units digit of 10475778?
8
What is the thousands digit of 35250?
5
What is the tens digit of 201156?
5
What is the millions digit of 2722122?
2
What is the hundreds digit of 100136?
1
What is the thousands digit of 2082573?
2
What is the hundred thousands digit of 179536?
1
What is the units digit of 1790367?
7
What is the millions digit of 2852435?
2
What is the ten thousands digit of 18109134?
0
What is the hundreds digit of 209458?
4
What is the tens digit of 217912?
1
What is the thousands digit of 10648993?
8
What is the hundreds digit of 115255?
2
What is the tens digit of 29635?
3
What is the units digit of 112510?
0
What is the hundreds digit of 343708?
7
What is the hundreds digit of 34988?
9
What is the hundreds digit of 33676618?
6
What is the hundreds digit of 44178?
1
What is the units digit of 22771146?
6
What is the units digit of 3755795?
5
What is the ten thousands digit of 1955905?
5
What is the hundreds digit of 440642?
6
What is the hundred thousands digit of 5248831?
2
What is the thousands digit of 460156?
0
What is the tens digit of 6684056?
5
What is the ten thousands digit of 788586?
8
What is the ten thousands digit of 759156?
5
What is the hundreds digit of 2801575?
5
What is the millions digit of 3828456?
3
What is the units digit of 251462?
2
What is the units digit of 40753?
3
What is the ten thousands digit of 6180976?
8
What is the hundred thousands digit of 478241?
4
What is the hundred thousands digit of 1421339?
4
What is the hundreds digit of 6028261?
2
What is the tens digit of 616243?
4
What is the hundred thousands digit of 1394650?
3
What is the hundreds digit of 59414?
4
What is the tens digit of 6260926?
2
What is the thousands digit of 8404901?
4
What is the hundred thousands digit of 7453414?
4
What is the ten millions digit of 21908646?
2
What is the hundred thousands digit of 141573?
1
What is the units digit of 223263?
3
What is the units digit of 7869980?
0
What is the tens digit of 9296250?
5
What is the millions digit of 2558364?
2
What is the units digit of 8242?
2
What is the tens digit of 219320?
2
What is the ten thousands digit of 931096?
3
What is the tens digit of 3399113?
1
What is the hundred thousands digit of 457295?
4
What is the units digit of 620195?
5
What is the tens digit of 3974054?
5
What is the units digit of 269271?
1
What is the hundreds digit of 603773?
7
What is the hundreds digit of 34781?
7
What is the hundred thousands digit of 823595?
8
What is the ten thousands digit of 2136569?
3
What is the millions digit of 7177145?
7
What is the hundred thousands digit of 187700?
1
What is the hundreds digit of 448744?
7
What is the tens digit of 2076704?
0
What is the thousands digit of 11600073?
0
What is the units digit of 2982106?
6
What is the hundreds digit of 1319556?
5
What is the ten thousands digit of 2868700?
6
What is the hundred thousands digit of 1842133?
8
What is the units digit of 3993286?
6
What is the hundred thousands digit of 158482?
1
What is the ten millions digit of 18397281?
1
What is the hundreds digit of 763635?
6
What is the thousands digit of 246943?
6
What is the hundred thousands digit of 124303?
1
What is the hundred thousands digit of 850748?
8
What is the hundred thousands digit of 456600?
4
What is the thousands digit of 182332?
2
What is the hundreds digit of 101763?
7
What is the ten thousands digit of 8265517?
6
What is the thousands digit of 15444085?
4
What is the units digit of 325792?
2
What is the units digit of 1384763?
3
What is the hundreds digit of 31078?
0
What is the millions digit of 8955328?
8
What is the ten thousands digit of 1207838?
0
What is the millions digit of 2889362?
2
What is the hundreds digit of 1646246?
2
What is the ten thousands digit of 6503331?
0
What is the hundred thousands digit of 662207?
6
What is the hundreds digit of 2404392?
3
What is the millions digit of 9059744?
9
What is the tens digit of 552803?
0
What is the millions digit of 2673845?
2
What is the millions digit of 17122860?
7
What is the ten thousands digit of 765581?
6
What is the ten thousands digit of 417143?
1
What is the thousands digit of 1556793?
6
What is the thousands digit of 3948936?
8
What is the hundreds digit of 551836?
8
What is the units digit of 2422359?
9
What is the thousands digit of 11119551?
9
What is the hundred thousands digit of 1383464?
3
What is the tens digit of 1377780?
8
What is the hundred thousands digit of 210649?
2
What is the tens digit of 404733?
3
What is the hundred thousands digit of 154096?
1
What is the hundreds digit of 869394?
3
What is the hundreds digit of 390512?
5
What is the thousands digit of 158846?
8
What is the ten thousands digit of 127892?
2
What is the tens digit of 3873325?
2
What is the ten thousands digit of 774130?
7
What is the hundred thousands digit of 183095?
1
What is the tens digit of 1161340?
4
What is the units digit of 1745715?
5
What is the hundreds digit of 55789?
7
What is the millions digit of 1059781?
1
What is the units digit of 5159765?
5
What is the ten thousands digit of 11845827?
4
What is the hundreds digit of 417186?
1
What is the units digit of 15544807?
7
What is the units digit of 3877450?
0
What is the millions digit of 9621894?
9
What is the tens digit of 14308252?
5
What is the ten thousands digit of 2723554?
2
What is the ten thousands digit of 2582903?
8
What is the thousands digit of 71045?
1
What is the hundreds digit of 712472?
4
What is the units digit of 162367?
7
What is the thousands digit of 1510286?
0
What is the hundred thousands digit of 314025?
3
What is the hundreds digit of 1407289?
2
What is the hund